{"id":176,"date":"2017-10-10T06:37:40","date_gmt":"2017-10-10T06:37:40","guid":{"rendered":"http:\/\/aqua-light.pl\/blog\/?page_id=176"},"modified":"2026-04-28T08:18:57","modified_gmt":"2026-04-28T08:18:57","slug":"kontakt","status":"publish","type":"page","link":"https:\/\/aqua-light.pl\/blog\/kontakt\/","title":{"rendered":"Kontakt"},"content":{"rendered":"<div class=\"block\">\n<h1>Kontakt<\/h1>\n<div><\/div>\n<div class=\"data\"><strong>AQUA-LIGHT<\/strong><br \/>\nul. Sadownika 16<br \/>\n09-500 Gostynin<br \/>\nPolska<\/div>\n<\/div>\n<hr \/>\n<div class=\"block\">\n<div class=\"icon\"><\/div>\n<div class=\"data\">Zadzwo\u0144 do nas:<br \/>\n<a href=\"tel:605 03 33 75\">605 03 33 75<\/a><\/div>\n<\/div>\n<hr \/>\n<div class=\"block\">\n<div class=\"icon\"><\/div>\n<div class=\"data email\">Napisz do nas:<\/div>\n<p><a href=\"mailto:zamowienia@aqua-light.pl\">zamowienia@aqua-light.pl<\/a><\/p>\n<\/div>\n","protected":false},"excerpt":{"rendered":"<p>Kontakt AQUA-LIGHT ul. Sadownika 16 09-500 Gostynin Polska Zadzwo\u0144 do nas: 605 03 33 75 Napisz do nas: zamowienia@aqua-light.pl<\/p>\n","protected":false},"author":1,"featured_media":0,"parent":0,"menu_order":0,"comment_status":"closed","ping_status":"open","template":"","meta":[],"yoast_head":"<!-- This site is optimized with the Yoast SEO plugin v19.5.1 - https:\/\/yoast.com\/wordpress\/plugins\/seo\/ -->\n<title>Kontakt - AQUA-LIGHT<\/title>\n<meta name=\"robots\" content=\"index, follow, max-snippet:-1, max-image-preview:large, max-video-preview:-1\" \/>\n<link rel=\"canonical\" href=\"https:\/\/aqua-light.pl\/blog\/kontakt\/\" \/>\n<meta property=\"og:locale\" content=\"pl_PL\" \/>\n<meta property=\"og:type\" content=\"article\" \/>\n<meta property=\"og:title\" content=\"Kontakt - AQUA-LIGHT\" \/>\n<meta property=\"og:description\" content=\"Kontakt AQUA-LIGHT ul. Sadownika 16 09-500 Gostynin Polska Zadzwo\u0144 do nas: 605 03 33 75 Napisz do nas: zamowienia@aqua-light.pl\" \/>\n<meta property=\"og:url\" content=\"https:\/\/aqua-light.pl\/blog\/kontakt\/\" \/>\n<meta property=\"og:site_name\" content=\"Blog o\u015bwietleniowy AQUA-LIGHT\" \/>\n<meta property=\"article:modified_time\" content=\"2026-04-28T08:18:57+00:00\" \/>\n<meta name=\"twitter:card\" content=\"summary\" \/>\n<meta name=\"twitter:label1\" content=\"Szacowany czas czytania\" \/>\n\t<meta name=\"twitter:data1\" content=\"1 minuta\" \/>\n<script type=\"application\/ld+json\" class=\"yoast-schema-graph\">{\"@context\":\"https:\/\/schema.org\",\"@graph\":[{\"@type\":\"WebPage\",\"@id\":\"https:\/\/aqua-light.pl\/blog\/kontakt\/\",\"url\":\"https:\/\/aqua-light.pl\/blog\/kontakt\/\",\"name\":\"Kontakt - AQUA-LIGHT\",\"isPartOf\":{\"@id\":\"https:\/\/aqua-light.pl\/blog\/#website\"},\"datePublished\":\"2017-10-10T06:37:40+00:00\",\"dateModified\":\"2026-04-28T08:18:57+00:00\",\"breadcrumb\":{\"@id\":\"https:\/\/aqua-light.pl\/blog\/kontakt\/#breadcrumb\"},\"inLanguage\":\"pl-PL\",\"potentialAction\":[{\"@type\":\"ReadAction\",\"target\":[\"https:\/\/aqua-light.pl\/blog\/kontakt\/\"]}]},{\"@type\":\"BreadcrumbList\",\"@id\":\"https:\/\/aqua-light.pl\/blog\/kontakt\/#breadcrumb\",\"itemListElement\":[{\"@type\":\"ListItem\",\"position\":1,\"name\":\"Strona g\u0142\u00f3wna\",\"item\":\"https:\/\/aqua-light.pl\/blog\/\"},{\"@type\":\"ListItem\",\"position\":2,\"name\":\"Kontakt\"}]},{\"@type\":\"WebSite\",\"@id\":\"https:\/\/aqua-light.pl\/blog\/#website\",\"url\":\"https:\/\/aqua-light.pl\/blog\/\",\"name\":\"Blog o\u015bwietleniowy AQUA-LIGHT\",\"description\":\"Jak wybra\u0107 o\u015bwietlenie do akwarium? Jaka barwa \u015bwiat\u0142a jest dobra dla ro\u015blin? Gdzie stosowa\u0107 promienniki UV? Po co statecznik do \u015bwietl\u00f3wki? Sprawd\u017a na blogu!\",\"potentialAction\":[{\"@type\":\"SearchAction\",\"target\":{\"@type\":\"EntryPoint\",\"urlTemplate\":\"https:\/\/aqua-light.pl\/blog\/?s={search_term_string}\"},\"query-input\":\"required name=search_term_string\"}],\"inLanguage\":\"pl-PL\"}]}<\/script>\n<!-- \/ Yoast SEO plugin. -->","yoast_head_json":{"title":"Kontakt - AQUA-LIGHT","robots":{"index":"index","follow":"follow","max-snippet":"max-snippet:-1","max-image-preview":"max-image-preview:large","max-video-preview":"max-video-preview:-1"},"canonical":"https:\/\/aqua-light.pl\/blog\/kontakt\/","og_locale":"pl_PL","og_type":"article","og_title":"Kontakt - AQUA-LIGHT","og_description":"Kontakt AQUA-LIGHT ul. Sadownika 16 09-500 Gostynin Polska Zadzwo\u0144 do nas: 605 03 33 75 Napisz do nas: zamowienia@aqua-light.pl","og_url":"https:\/\/aqua-light.pl\/blog\/kontakt\/","og_site_name":"Blog o\u015bwietleniowy AQUA-LIGHT","article_modified_time":"2026-04-28T08:18:57+00:00","twitter_card":"summary","twitter_misc":{"Szacowany czas czytania":"1 minuta"},"schema":{"@context":"https:\/\/schema.org","@graph":[{"@type":"WebPage","@id":"https:\/\/aqua-light.pl\/blog\/kontakt\/","url":"https:\/\/aqua-light.pl\/blog\/kontakt\/","name":"Kontakt - AQUA-LIGHT","isPartOf":{"@id":"https:\/\/aqua-light.pl\/blog\/#website"},"datePublished":"2017-10-10T06:37:40+00:00","dateModified":"2026-04-28T08:18:57+00:00","breadcrumb":{"@id":"https:\/\/aqua-light.pl\/blog\/kontakt\/#breadcrumb"},"inLanguage":"pl-PL","potentialAction":[{"@type":"ReadAction","target":["https:\/\/aqua-light.pl\/blog\/kontakt\/"]}]},{"@type":"BreadcrumbList","@id":"https:\/\/aqua-light.pl\/blog\/kontakt\/#breadcrumb","itemListElement":[{"@type":"ListItem","position":1,"name":"Strona g\u0142\u00f3wna","item":"https:\/\/aqua-light.pl\/blog\/"},{"@type":"ListItem","position":2,"name":"Kontakt"}]},{"@type":"WebSite","@id":"https:\/\/aqua-light.pl\/blog\/#website","url":"https:\/\/aqua-light.pl\/blog\/","name":"Blog o\u015bwietleniowy AQUA-LIGHT","description":"Jak wybra\u0107 o\u015bwietlenie do akwarium? Jaka barwa \u015bwiat\u0142a jest dobra dla ro\u015blin? Gdzie stosowa\u0107 promienniki UV? Po co statecznik do \u015bwietl\u00f3wki? Sprawd\u017a na blogu!","potentialAction":[{"@type":"SearchAction","target":{"@type":"EntryPoint","urlTemplate":"https:\/\/aqua-light.pl\/blog\/?s={search_term_string}"},"query-input":"required name=search_term_string"}],"inLanguage":"pl-PL"}]}},"_links":{"self":[{"href":"https:\/\/aqua-light.pl\/blog\/wp-json\/wp\/v2\/pages\/176"}],"collection":[{"href":"https:\/\/aqua-light.pl\/blog\/wp-json\/wp\/v2\/pages"}],"about":[{"href":"https:\/\/aqua-light.pl\/blog\/wp-json\/wp\/v2\/types\/page"}],"author":[{"embeddable":true,"href":"https:\/\/aqua-light.pl\/blog\/wp-json\/wp\/v2\/users\/1"}],"replies":[{"embeddable":true,"href":"https:\/\/aqua-light.pl\/blog\/wp-json\/wp\/v2\/comments?post=176"}],"version-history":[{"count":4,"href":"https:\/\/aqua-light.pl\/blog\/wp-json\/wp\/v2\/pages\/176\/revisions"}],"predecessor-version":[{"id":6251,"href":"https:\/\/aqua-light.pl\/blog\/wp-json\/wp\/v2\/pages\/176\/revisions\/6251"}],"wp:attachment":[{"href":"https:\/\/aqua-light.pl\/blog\/wp-json\/wp\/v2\/media?parent=176"}],"curies":[{"name":"wp","href":"https:\/\/api.w.org\/{rel}","templated":true}]}}